 - 24*j - 5789. List the prime factors of j.
827
Let s = 221 + -216. Suppose w - 866 = -s*m, 3*w - 41 = m + 2509. What are the prime factors of w?
23, 37
Suppose 24 = -8*a + 4*a. What are the prime factors of (a/4)/((-14)/(270452/39))?
743
Suppose -3*u - o + 121 = 0, -u - 4*o = 4*u - 197. Suppose u*h = 44*h + 21. Let j = h + 19. List the prime factors of j.
2, 3
Let g(y) = y**2 + 13*y - 39. Let j be g(-14). Let r(p) = -p**2 - 29*p + 130. What are the prime factors of r(j)?
2, 5, 23
Let u = 0 + 1. Let o(q) be the first derivative of 35*q**3 - q**2/2 + 2*q - 1296. List the prime factors of o(u).
2, 53
Let q = -480 - -330. Let u = q - -311. What are the prime factors of u?
7, 23
Let j(g) = g**2 + g - 2. Let t be j(1). Suppose -4*v - 10 = 3*w - t, v = 3*w - 10. Suppose 13 = p - 5*u, -3*p - u = -w*p - 25. What are the prime factors of p?
23
Suppose -23*z = 88*z - 503385. List the prime factors of z.
5, 907
Suppose 13*t = 4*m + 12*t - 82442, m - 3*t - 20616 = 0. What are the prime factors of m?
2, 3, 5, 229
Let q(y) = 692*y**2 + 24*y + 14. Let z be q(-4). Suppose 35*t - z = 28*t. What are the prime factors of t?
2, 5, 157
Suppose -3*c - 222 = -5*c - 2*p, 4*c = 2*p + 420. Suppose -898 = -27*a + 42*a + 122. Let t = c + a. List the prime factors of t.
3, 13
Let y = 100653 + -70111. What are the prime factors of y?
2, 15271
Let t = -21 - -23. What are the prime factors of 5222/(-28)*t*-1?
373
Suppose -219*d + 217*d = -2092. Let j = d + -739. What are the prime factors of j?
307
Suppose -40719 = -148*s + 141*s. List the prime factors of s.
3, 7, 277
Let b = 97 - 91. List the prime factors of (218 - 4) + 5 - b.
3, 71
Suppose -3*p = -3 - 12. Suppose p*u - 3*t - 762 = -0*t, -2*t + 614 = 4*u. What are the prime factors of u?
3, 17
Let k(b) be the third derivative of 1/2*b**4 + 1/15*b**5 + 0 - 3/2*b**3 - 37*b**2 + 0*b. List the prime factors of k(-7).
103
Suppose -25 = 5*a, 2*a - 6 = -4*k - 68. Let p(c) = 6 - 3*c + 2*c - 4*c. List the prime factors of p(k).
71
Let n(o) = 15*o**2 - 15*o + 52. Let w = -522 + 533. What are the prime factors of n(w)?
2, 23, 37
Suppose 3*q - 3951 = 4*t - 32540, 4*t + 3*q = 28619. What are the prime factors of t?
7151
What are the prime factors of 654*9 - (165 - 154)?
5, 47
Let s be 1 - -3*(-10)/(-15). Suppose 6*g = s*g - 249. Let v = g - -162. What are the prime factors of v?
79
Let y = 72407 + -49742. What are the prime factors of y?
3, 5, 1511
Let p = -2799 - -2801. Suppose 3*q + 2*d + 2*d = 232, 2*q + 3*d - 155 = 0. What are the prime factors of (-1)/(-8)*p + 6517/q?
2, 43
Suppose 11*m + 4*p - 440 = 7*m, -5*m = -p - 556. List the prime factors of m/333 + 2/(12/8854).
2, 3, 41
Let c be 2451/6 + 3/(-6). Let n = c + -284. List the prime factors of n - (1 - (-5 + 3)).
11
Let d(v) = -v - 3. Let n be d(-3). Let f be ((-3)/(-5 + -4))/((-16)/(-96)). Suppose 4*x - 113 + 33 = 3*b, f*x + 5*b - 14 = n. List the prime factors of x.
17
Let q(d) = d**3 - 12*d**2 - 10*d + 7. Let f be q(13). Suppose 116 = -f*t + 47*t. Let g = t - 32. List the prime factors of g.
2, 3, 7
Suppose 2*m = -5*y - 26, 2*y + 8*m = 6*m - 14. Let t(x) = 5*x + 56. Let c(a) = -11*a - 112. Let i(f) = y*c(f) - 7*t(f). What are the prime factors of i(16)?
2, 5
Suppose 0 = 5*o - p + 30, 4*o - 4*p + 24 = -p. List the prime factors of 219 + (o/(-4) - (-9)/18).
13, 17
Let q = 48508 - 27989. What are the prime factors of q?
17, 71
Let l(w) = -3*w**3 + 96*w**2 - 68*w + 11. List the prime factors of l(21).
2, 821
Let f = -323 - -468. Suppose 2*y - f = -x + 845, 0 = x. List the prime factors of y.
3, 5, 11
Suppose 0 = -6*z + 5 - 35. Let b(k) = -k**3 - k**2 - 12*k - 26. What are the prime factors of b(z)?
2, 67
Let l be 1/(2/(-36912)*-6). Suppose 0 = 4*a + 4*c - 2468, 5*a + 0*a = 4*c + l. List the prime factors of a.
2, 7, 11
Let i = -1060 + -191. Let g = i - -1901. What are the prime factors of g?
2, 5, 13
Suppose 67832 - 4594 = 3*m + 4*h, -h - 63263 = -3*m. List the prime factors of m.
2, 13, 811
Let q be 2684/32 + (-1)/(-8). Let o = 431 - q. List the prime factors of o.
347
Suppose 3*f - 753 = -5*q + 4*f, 5*q - 741 = -3*f. Suppose 0 = 5*g - 511 + 171. Suppose q = 2*m - g. What are the prime factors of m?
109
Let c = -629 - -285. Let r = c + 901. Suppose -5*g + r = 137. What are the prime factors of g?
2, 3, 7
Suppose -27*x + 28*x - 17080 = -3*j, -4*j - 2*x = -22774. What are the prime factors of j?
5693
Suppose 0 = -4*d - 20, -5*t + 43635 = -35*d + 30*d. List the prime factors of t.
2, 7, 89
Let v = -2657 - -3733. Let u = 1991 - v. What are the prime factors of u?
3, 5, 61
Suppose -92*b = -90*b. What are the prime factors of (-3 - b)*7*413/(-21)?
7, 59
What are the prime factors of 567831/121 - 12/(-66)?
13, 19
Suppose 14 = -t + 67. Let q(w) = -w**3 + 6*w**2 - 5*w + 12. Let u be q(5). Suppose -t = u*v - 173. List the prime factors of v.
2, 5
Let w(d) = 6*d**3 + 430*d**2 - 3*d + 13. What are the prime factors of w(4)?
5, 1453
Suppose 2*v = 5*m - 12, 0 = 6*m - 3*m + 2*v - 4. Let o = -997 - -1038. Suppose -a + 3 - o = -m*z, 3*z + 5*a - 31 = 0. List the prime factors of z.
17
Let q = 162 + -102. Let d = q + -53. Let c(x) = 4*x**2 - 22*x. What are the prime factors of c(d)?
2, 3, 7
List the prime factors of 34360/6*1*186/155.
2, 859
Suppose 2*r - 3*o = -1226, -o - 2*o = -5*r - 3047. Let h = r + 1124. What are the prime factors of h?
11, 47
Suppose 2*v = -5*v - 371. Let i = -53 - v. Suppose -2*p - 10 = i, -168 + 463 = 5*k + p. List the prime factors of k.
2, 3, 5
Suppose 54*k + 15*r = 55*k - 2410, 0 = -3*k + 3*r + 7398. List the prime factors of k.
2, 5, 13, 19
Let u = -6739 + 55118. What are the prime factors of u?
101, 479
Suppose 462*f + 14839 + 30534 = 479*f. What are the prime factors of f?
17, 157
Suppose 9*l - 430860 + 192771 = 566277. List the prime factors of l.
2, 44687
Let k be 0/4*2/4. Suppose 46*z = -2*u + 41*z + 465, 5*z - 15 = k. What are the prime factors of u?
3, 5
Let v(s) = 3*s**2 - 13*s + 23. Let l = 158 - 156. List the prime factors of v(l).
3
Suppose -40*t - 21 = -43*t. Suppose 6*i = t*i - 411. What are the prime factors of i?
3, 137
Let k = 143 + -138. Suppose -k*j + 10087 = 1737. List the prime factors of (15/10)/(15/j).
167
Let g = -7247 + 12846. What are the prime factors of g?
11, 509
Suppose 22*s - 260662 - 100314 = 0. List the prime factors of s.
2, 7, 293
What are the prime factors of 502767/(-324)*(-8)/3?
2, 2069
Let c be (11/44*1432)/((-2)/(-13)). Let b = c - 1627. What are the prime factors of b?
2, 5, 7
Suppose 6*u = -3*u + 9. Let w = u - -36. Let h = w - -13. List the prime factors of h.
2, 5
Suppose -11*i + 13400 = -16*i. What are the prime factors of ((-19)/(-5) + -3)/((-16)/i)?
2, 67
Let k(z) = 2*z**3 - 68*z**2 - 46*z - 86. What are the prime factors of k(38)?
2, 43, 113
Let t = -26 - -7. Let b be (t + 20)*(-1)/(1/(-114)). Let k = b - -1. What are the prime factors of k?
5, 23
Suppose -178479 = 12*l - 444255. What are the prime factors of l?
2, 7, 113
Let p = 82877 - 45205. What are the prime factors of (-28)/(-8)*p/119?
2, 277
Let r = 160 - 106. Let f(l) = 5 - r - 10 - 28*l. What are the prime factors of f(-12)?
277
Suppose -a + 5*i = -14506, 0 = -36*a + 39*a + i - 43582. What are the prime factors of a?
2, 3, 269
Let q be -788 - (6 + (-12)/3). Let m = q + 1309. List the prime factors of m.
3, 173
Suppose -19635 = -3*i + 5*f + 2513, -14763 = -2*i + f. What are the prime factors of i?
11, 61
Let g(k) = 3*k - 17. Let j be g(-10). Let w = -176 - j. Let h = w + 219. What are the prime factors of h?
2, 3, 5
What are the prime factors of (-587 + -2)*(-1)/2*6?
3, 19, 31
Suppose 1572 + 118 = 5*d. List the prime factors of d.
2, 13
Suppose 0 = 7*m + 27*m - 3*m - 690463. List the prime factors of m.
22273
Let f(a) = 2*a**2 + 14*a + 661. What are the prime factors of f(47)?
5737
Let h(j) = -8*j - 1. Let f(d) = -2*d**2 - 35*d - 7. Let t(o) = -f(o) + 4*h(o). Let s(w) = -w**2 - 6*w - 6. Let m be s(-5). List the prime factors of t(m).
2
Let c(k) = -34*k + 36. Let u(s) = 0*s + 28 + 17*s - 46. Let d(n) = 3*c(n) + 7*u(n). What are the prime factors of d(8)?
2, 59
Let p = 83615 + -54252. What are the prime factors of p?
29363
Let f = 47 - 55. Let o be 2/(-7) - (-15)/21*f. Let q(n) = 2*n**2 - 6*n - 1. List the prime factors of q(o).
107
Let i = -2167 - -2280. List